{"id":75,"date":"2018-04-27T14:16:27","date_gmt":"2018-04-27T13:16:27","guid":{"rendered":"http:\/\/www.colmus.org\/es\/?page_id=75"},"modified":"2022-11-13T16:59:41","modified_gmt":"2022-11-13T16:59:41","slug":"about","status":"publish","type":"page","link":"https:\/\/www.colmus.org\/es\/about\/","title":{"rendered":"Historia"},"content":{"rendered":"[vc_row][vc_column width=\u00bb1\/2&#8243;][vc_column_text]\n<h2>UNA BREVE HISTORIA<\/h2>\n<p>El coro y la orquesta \u00abCollegium Musicum\u00bb Costa del Sol fue fundado en 1975 por unos pocos amantes de la m\u00fasica que se asentaron en la Costa del Sol y que ha crecido a\u00f1o a a\u00f1o. El objetivo es enriquecer la vida de la comunidad internacional de la Costa del Sol a trav\u00e9s del disfrute de hacer y escuchar la buena m\u00fasica.[\/vc_column_text][\/vc_column][vc_column width=\u00bb1\/2&#8243;][vc_column_text]\n<h2>DIRECTORA MUSICAL<\/h2>\n<p>Delyth Bressington ha sido la directora musical desde 2021 y dirige todos los ensayos con la ayuda de Britta Snickars en el piano. A trav\u00e9s de su inspiraci\u00f3n, habilidades ling\u00fc\u00edsticas y conocimientos musicales inspiran a los miembros con gran entusiasmo resultando en un gran \u00e9xito musical durante los conciertos.[\/vc_column_text][\/vc_column][\/vc_row]\n","protected":false},"excerpt":{"rendered":"<p>[vc_row][vc_column width=\u00bb1\/2&#8243;][vc_column_text] UNA BREVE HISTORIA El coro y la orquesta \u00abCollegium Musicum\u00bb Costa del Sol fue fundado en 1975 por unos pocos amantes de la m\u00fasica que se asentaron en la Costa del Sol y que ha crecido a\u00f1o a a\u00f1o. El objetivo es enriquecer la vida de la comunidad internacional de la Costa del..<\/p>\n","protected":false},"author":1,"featured_media":76,"parent":0,"menu_order":15,"comment_status":"closed","ping_status":"closed","template":"","meta":{"_acf_changed":false,"footnotes":""},"class_list":["post-75","page","type-page","status-publish","has-post-thumbnail","hentry"],"acf":[],"_links":{"self":[{"href":"https:\/\/www.colmus.org\/es\/wp-json\/wp\/v2\/pages\/75","targetHints":{"allow":["GET"]}}],"collection":[{"href":"https:\/\/www.colmus.org\/es\/wp-json\/wp\/v2\/pages"}],"about":[{"href":"https:\/\/www.colmus.org\/es\/wp-json\/wp\/v2\/types\/page"}],"author":[{"embeddable":true,"href":"https:\/\/www.colmus.org\/es\/wp-json\/wp\/v2\/users\/1"}],"replies":[{"embeddable":true,"href":"https:\/\/www.colmus.org\/es\/wp-json\/wp\/v2\/comments?post=75"}],"version-history":[{"count":6,"href":"https:\/\/www.colmus.org\/es\/wp-json\/wp\/v2\/pages\/75\/revisions"}],"predecessor-version":[{"id":1026,"href":"https:\/\/www.colmus.org\/es\/wp-json\/wp\/v2\/pages\/75\/revisions\/1026"}],"wp:featuredmedia":[{"embeddable":true,"href":"https:\/\/www.colmus.org\/es\/wp-json\/wp\/v2\/media\/76"}],"wp:attachment":[{"href":"https:\/\/www.colmus.org\/es\/wp-json\/wp\/v2\/media?parent=75"}],"curies":[{"name":"wp","href":"https:\/\/api.w.org\/{rel}","templated":true}]}}

[vc_row][vc_column width=»1/2&#8243;][vc_column_text]
<h2>UNA BREVE HISTORIA</h2>
<p>El coro y la orquesta «Collegium Musicum» Costa del Sol fue fundado en 1975 por unos pocos amantes de la música que se asentaron en la Costa del Sol y que ha crecido año a año. El objetivo es enriquecer la vida de la comunidad internacional de la Costa del Sol a través del disfrute de hacer y escuchar la buena música.[/vc_column_text][/vc_column][vc_column width=»1/2&#8243;][vc_column_text]
<h2>DIRECTORA MUSICAL</h2>
<p>Delyth Bressington ha sido la directora musical desde 2021 y dirige todos los ensayos con la ayuda de Britta Snickars en el piano. A través de su inspiración, habilidades lingüísticas y conocimientos musicales inspiran a los miembros con gran entusiasmo resultando en un gran éxito musical durante los conciertos.[/vc_column_text][/vc_column][/vc_row]

<p>[vc_row][vc_column width=»1/2&#8243;][vc_column_text] UNA BREVE HISTORIA El coro y la orquesta «Collegium Musicum» Costa del Sol fue fundado en 1975 por unos pocos amantes de la música que se asentaron en la Costa del Sol y que ha crecido año a año. El objetivo es enriquecer la vida de la comunidad internacional de la Costa del..</p>
